re the prime factors of 1577044?
2, 7, 151, 373
What are the prime factors of 1645790?
2, 5, 31, 5309
List the prime factors of 441878.
2, 220939
What are the prime factors of 3336544?
2, 127, 821
What are the prime factors of 1182959?
19, 23, 2707
List the prime factors of 113152.
2, 13, 17
List the prime factors of 1321915.
5, 7, 179, 211
What are the prime factors of 479495?
5, 41, 2339
What are the prime factors of 3944449?
3944449
What are the prime factors of 9071282?
2, 11, 31, 47, 283
What are the prime factors of 7820666?
2, 7, 19, 29401
List the prime factors of 497234.
2, 29, 8573
What are the prime factors of 6201703?
101, 61403
List the prime factors of 18295087.
67, 273061
List the prime factors of 354268.
2, 31, 2857
List the prime factors of 17100457.
11, 557, 2791
List the prime factors of 974279.
974279
List the prime factors of 10041170.
2, 5, 1004117
List the prime factors of 375836.
2, 17, 5527
List the prime factors of 295542.
2, 3, 13, 421
List the prime factors of 936222.
2, 3, 7, 22291
List the prime factors of 16600402.
2, 7, 13, 197, 463
List the prime factors of 11966164.
2, 7, 17, 23, 1093
List the prime factors of 10744475.
5, 7, 179
List the prime factors of 96905.
5, 19381
List the prime factors of 10789238.
2, 107, 50417
What are the prime factors of 51777?
3, 11, 523
List the prime factors of 11973695.
5, 17, 140867
What are the prime factors of 771396?
2, 3, 64283
List the prime factors of 1663533.
3, 184837
List the prime factors of 2185639.
17, 83, 1549
What are the prime factors of 17217?
3, 1913
List the prime factors of 69720.
2, 3, 5, 7, 83
List the prime factors of 1389046.
2, 694523
What are the prime factors of 1692241?
1692241
What are the prime factors of 28278164?
2, 71, 99571
What are the prime factors of 4297438?
2, 2148719
What are the prime factors of 25458999?
3, 23, 241, 1531
List the prime factors of 29993252.
2, 7498313
What are the prime factors of 2530575?
3, 5, 23, 163
List the prime factors of 13821961.
41, 337121
What are the prime factors of 164294?
2, 13, 71, 89
List the prime factors of 1423699.
17, 83, 1009
List the prime factors of 10423747.
337, 30931
What are the prime factors of 411204?
2, 3, 34267
List the prime factors of 2089628.
2, 43, 12149
What are the prime factors of 26810258?
2, 17, 788537
What are the prime factors of 209425?
5, 8377
List the prime factors of 8778056.
2, 7, 457
List the prime factors of 6566183.
13, 505091
List the prime factors of 168690.
2, 3, 5, 5623
List the prime factors of 27087355.
5, 61, 88811
What are the prime factors of 774729?
3, 59, 1459
What are the prime factors of 1436211?
3, 7, 17, 149
What are the prime factors of 234186?
2, 3, 23, 1697
List the prime factors of 1950632.
2, 243829
List the prime factors of 3942493.
3942493
List the prime factors of 2756450.
2, 5, 29, 1901
What are the prime factors of 13687308?
2, 3, 380203
What are the prime factors of 201865?
5, 47, 859
What are the prime factors of 1171580?
2, 5, 58579
What are the prime factors of 2710663?
2710663
List the prime factors of 4803389.
23, 208843
What are the prime factors of 1785985?
5, 357197
What are the prime factors of 2589620?
2, 5, 11, 79, 149
What are the prime factors of 9116995?
5, 79, 23081
List the prime factors of 621210.
2, 3, 5, 20707
List the prime factors of 937945.
5, 109, 1721
List the prime factors of 517243.
517243
List the prime factors of 3099259.
29, 106871
What are the prime factors of 1605566?
2, 802783
List the prime factors of 91261.
263, 347
What are the prime factors of 3639249?
3, 179, 251
List the prime factors of 15597760.
2, 5, 79, 617
List the prime factors of 62805.
3, 5, 53, 79
List the prime factors of 842991.
3, 280997
List the prime factors of 152273.
11, 109, 127
What are the prime factors of 104417?
104417
What are the prime factors of 729452?
2, 43, 4241
List the prime factors of 28503849.
3, 11, 17, 31, 149
List the prime factors of 1315996.
2, 11, 2719
List the prime factors of 3365756.
2, 349, 2411
What are the prime factors of 143005?
5, 37, 773
What are the prime factors of 21187334?
2, 7, 1513381
List the prime factors of 31436.
2, 29, 271
List the prime factors of 25400338.
2, 257, 49417
List the prime factors of 13361644.
2, 3340411
What are the prime factors of 3455531?
3455531
What are the prime factors of 22083743?
11, 2007613
What are the prime factors of 12289457?
12289457
What are the prime factors of 615136?
2, 47, 409
List the prime factors of 687855.
3, 5, 7, 6551
List the prime factors of 546862.
2, 127, 2153
What are the prime factors of 409282?
2, 204641
What are the prime factors of 1447489?
269, 5381
What are the prime factors of 1483708?
2, 41, 83, 109
List the prime factors of 841037.
43, 19559
What are the prime factors of 445360?
2, 5, 19, 293
What are the prime factors of 432066?
2, 3, 107, 673
List the prime factors of 2363096.
2, 295387
What are the prime factors of 235140?
2, 3, 5, 3919
List the prime factors of 15019785.
3, 5, 11, 19, 1597
What are the prime factors of 147718?
2, 73859
What are the prime factors of 10119028?
2, 29, 83, 1051
List the prime factors of 312137.
7, 17, 43, 61
List the prime factors of 4311925.
5, 23, 7499
What are the prime factors of 2209448?
2, 276181
What are the prime factors of 1723644?
2, 3, 13, 29, 127
What are the prime factors of 174447?
3, 7, 13, 71
List the prime factors of 17916046.
2, 1061, 8443
What are the prime factors of 2618934?
2, 3, 37, 47, 251
List the prime factors of 25309.
25309
What are the prime factors of 5375432?
2, 431, 1559
List the prime factors of 9290.
2, 5, 929
List the prime factors of 181162.
2, 239, 379
List the prime factors of 13864650.
2, 3, 5, 92431
List the prime factors of 2170893.
3, 283, 2557
List the prime factors of 852704.
2, 26647
What are the prime factors of 1628041?
487, 3343
List the prime factors of 10556437.
983, 10739
What are the prime factors of 109951?
43, 2557
What are the prime factors of 32812?
2, 13, 631
What are the prime factors of 15598?
2, 11, 709
What are the prime factors of 4521982?
2, 1061, 2131
List the prime factors of 18564534.
2, 3, 131, 7873
List the prime factors of 11667330.
2, 3, 5, 19, 6823
List the prime factors of 20396764.
2, 5099191
What are the prime factors of 1225141?
23, 53267
List the prime factors of 6765856.
2, 211433
What are the prime factors of 1256655?
3, 5, 83777
What are the prime factors of 958800?
2, 3, 5, 17, 47
What are the prime factors of 67551?
3, 11, 23, 89
What are the prime factors of 28454?
2, 41, 347
List the prime factors of 1478176.
2, 7, 6599
List the prime factors of 545488.
2, 103, 331
List the prime factors of 964512.
2, 3, 17, 197
What are the prime factors of 180598?
2, 11, 8209
What are the prime factors of 9999375?
3, 5, 5333
List the prime factors of 629443.
313, 2011
List the prime factors of 4688315.
5, 937663
List the prime factors of 111703.
37, 3019
List the prime factors of 151173.
3, 11, 509
List the prime factors of 3385936.
2, 431, 491
List the prime factors of 134357.
29, 41, 113
List the prime factors of 862810.
2, 5, 13, 6637
List the prime factors of 234297.
3, 7, 3719
List the prime factors of 2090271.
3, 696757
List the prime factors of 198119.
67, 2957
List the prime factors of 1091969.
331, 3299
What are the prime factors of 88270?
2, 5, 7, 13, 97
What are the prime factors of 1133540?
2, 5, 19, 157
List the prime factors of 229463.
13, 19, 929
What are the prime factors of 20891347?
37, 269, 2099
What are the prime factors of 753868?
2, 229, 823
List the prime factors of 1865784.
2, 3, 17, 269
List the prime factors of 3243602.
2, 269, 6029
What are the prime factors of 3913232?
2, 131, 1867
List the prime factors of 4870393.
11, 442763
List the prime factors of 319560.
2, 3, 5, 2663
What are the prime factors of 17487564?
2, 3, 277, 5261
What are the prime factors of 322991?
173, 1867
List the prime factors of 2545103.
11, 61, 3793
What are the prime factors of 1079576?
2, 134947
List the prime factors of 350263.
41, 8543
List the prime factors of 133169.
133169
What are the prime factors of 688286?
2, 29, 11867
What are the prime factors of 302588?
2, 11, 13, 23
What are the prime factors of 124522?
2, 23, 2707
What are th